e the remainder when 47 is divided by g.
8
Let u(d) = -d + 1. Let b(i) = i**2 + 5*i - 5. Let c be b(-6). Suppose c = -3*s + 16. Calculate the remainder when u(-6) is divided by s.
2
Let t(p) be the third derivative of -13*p**4/24 + p**2. Let o be t(-8). Suppose -56 - o = -5*i. What is the remainder when i is divided by 11?
10
Let m = -21 - -30. Calculate the remainder when 17 is divided by m.
8
Let d = 46 - 29. Let s(l) = -13*l - 3. Let h = 1 - 5. Calculate the remainder when s(h) is divided by d.
15
Let t = 6 - 3. Let u be (t - -2)/(2 - 1). Let q(f) = 2*f - 3. Calculate the remainder when 19 is divided by q(u).
5
Let p(l) = -l - 3. Let w be p(-7). Suppose 0 = -w*b + s + 80, -2*b - 3*s + 21 = -19. What is the remainder when 38 is divided by b?
18
Let u = 9 - -51. Let n = u - 32. What is the remainder when n is divided by 15?
13
What is the remainder when 1/(-4) + (-294)/(-24) is divided by 5?
2
Let k(s) = -9*s - 25. What is the remainder when 257 is divided by k(-5)?
17
Calculate the remainder when 85 is divided by 2 - -3 - 9/(-3).
5
Calculate the remainder when 57 is divided by 60/(-14)*(1 + -8).
27
Let q(h) = -6*h - 5. Let n = 12 + 3. What is the remainder when q(-8) is divided by n?
13
Let m(f) = -f**3 - 3*f**2 + 3*f - 2. Let w be m(-4). Suppose 0 = -w*j - 3*j. Let p = 14 - j. What is the remainder when 26 is divided by p?
12
Let u = -8 + 5. Let f be u*((-32)/6 - 3). Suppose 0 = -m + f - 9. Calculate the remainder when 47 is divided by m.
15
Suppose -2*q = -2*r + 96, -2*r - q + 78 = 3*q. What is the remainder when r is divided by 16?
13
Let t(u) = u**3 + 5*u**2 - 5*u - 6. Calculate the remainder when t(-5) is divided by 4/(8/2) + 4.
4
Suppose -2*m - 30 = 3*m + 3*n, -2*m = 4*n + 12. Calculate the remainder when 13 is divided by (-4)/m - 13/(-3).
3
Let j be (4 - (-16)/(-4))/(-1). Suppose -s + l + l = -12, -2*s - l + 4 = j. Calculate the remainder when 11 is divided by s.
3
Suppose -2*h + h + 3*x + 52 = 0, -3*x = -5*h + 260. What is the remainder when h is divided by 71/4 - 2/(-8)?
16
Suppose o - 23 = 35. Suppose -11 = -3*m + 1. Suppose -52 = -2*u - m*q, -2*q - 14 = 5*u - 120. What is the remainder when o is divided by u?
18
Let l = 16 + -11. Suppose -5*y + l = -2*c, -c - y + 3*y - 1 = 0. Suppose c*h = 5 - 0. What is the remainder when 1 is divided by h?
0
Let c(w) = -w**3 + w**2 + 2*w + 1. Calculate the remainder when c(-1) is divided by 1.
0
Suppose -i + 2*w + 27 = 0, 4*w = -0*i + i - 33. What is the remainder when i is divided by 8?
5
Suppose -2*d + 5 = i + d, -2*d - 48 = -4*i. Let p = -6 + i. What is the remainder when (-136)/(-10) - (-4)/10 is divided by p?
4
Let c(w) = -w**3 + 5*w**2 + w - 2. Let r be c(5). Suppose 0 = -0*p + r*p + 15. Let m = p - -14. What is the remainder when 26 is divided by m?
8
Suppose -4 = l - 39. Suppose -2*u - 14 = -w - 0*w, -u + l = 3*w. Calculate the remainder when 45 is divided by w.
9
Let p(n) = -n**2 + 9*n + 6. Let a be p(5). Let o = a - 24. What is the remainder when o is divided by 2?
0
Calculate the remainder when 21 is divided by -45*(30/18 + -2).
6
Let b(d) = d + 16 - 3*d + 4*d - d. What is the remainder when 46 is divided by b(0)?
14
Let m(b) = -b + 6. Calculate the remainder when m(-15) is divided by 12.
9
Suppose -43 - 31 = -2*c. Calculate the remainder when c is divided by 10.
7
Let l be 2/(-6) + (-68)/(-6). Let f = -51 - -72. Calculate the remainder when f is divided by (1 - (-2 + 3)) + l.
10
Suppose -42 = -3*s + 3*d, s + 7*d - 8 = 2*d. What is the remainder when 46 is divided by s?
7
Suppose 3*n = 4*n. Suppose n = 3*r - 41 - 13. Calculate the remainder when r is divided by 7.
4
Suppose 2*g = -g + 102. Calculate the remainder when g is divided by 19.
15
Calculate the remainder when 135 is divided by (-1)/(((3/1)/3)/(-23)).
20
Suppose 5*d - 22 + 117 = 0. Let r be 1/4 + 2085/60. Let l = d + r. Calculate the remainder when 31 is divided by l.
15
Suppose -b = -6*w + 3*w + 118, 92 = 2*w + 2*b. Let i = -29 + w. Let y = -26 - -49. What is the remainder when y is divided by i?
11
What is the remainder when (18/2)/(-7*1/(-28)) is divided by 14?
8
Suppose -118 + 46 = -6*r. Suppose -3*q - 21 = -6*q. What is the remainder when r is divided by q?
5
Suppose -3*b + 5*b + 69 = g, 2*b = -2*g + 150. Suppose 50 = 5*j - 45. What is the remainder when g is divided by j?
16
Let o be 32 + 0 + 2/(-1). Calculate the remainder when o/25*(-70)/(-4) is divided by 6.
3
Let m = 11 + -1. What is the remainder when m is divided by 7?
3
Suppose 3*h + 17 - 62 = 0. What is the remainder when h is divided by 8?
7
Let i = -27 + 77. Let g(l) = -l**2 + 13. What is the remainder when i is divided by g(0)?
11
Let q be ((-1)/(-2))/(7/42). Let h = -44 - -72. Calculate the remainder when h is divided by (0 - 0) + (18 - q).
13
Let j(n) = n**3 - 3*n**2 - 8. What is the remainder when 43 is divided by j(4)?
3
Suppose 0 = -0*h + 3*h - 51. Suppose -2*l = h - 73. Suppose 4*t - 3*r - 56 = -7*r, -5*t = r - 54. What is the remainder when l is divided by t?
8
Suppose 0 = -3*u + 26 - 8. Let p be (-2 + -124)/(u/(-4)). Suppose 2*m = -m + p. What is the remainder when 82 is divided by m?
26
Suppose -33 = -5*l + 102. Calculate the remainder when l is divided by 10.
7
Let k = 81 + -45. Let y = k - 22. What is the remainder when y is divided by 4?
2
Suppose -2*k = r - 4*r + 43, -63 = 2*k + r. Let v = k - -46. What is the remainder when v is divided by 9?
8
What is the remainder when 18 - (-1 + 6/2) is divided by (-6)/4 + 525/50?
7
Suppose 6*g - 85 + 13 = 0. Calculate the remainder when 32 is divided by g.
8
Let f = 96 + -19. Calculate the remainder when f is divided by 16.
13
Suppose 4*v - v = 60. What is the remainder when v is divided by 8?
4
Suppose -7 = 4*n + 1. Let g(o) = -12*o**2 - 4*o - 4. Let q(x) = -4*x**2 - x - 1. Let y(t) = 3*g(t) - 10*q(t). What is the remainder when y(n) is divided by 10?
8
Suppose -c = a - 4, -2*a + a = 4*c - 19. Suppose -15 = -2*i - c. Suppose 0 = -0*h + 5*h - 15. Calculate the remainder when i is divided by h.
2
Let a = 21 + -36. Let q = -21 + 30. What is the remainder when 15/(-2)*50/a is divided by q?
7
Let u(k) = -12*k - 35. Calculate the remainder when 296/6 + (-2)/(-3) is divided by u(-4).
11
Suppose 3*k - 46 - 14 = 0. Let x = 115 - 69. Suppose -3*j = j - b - x, 2*j = -5*b + 12. What is the remainder when k is divided by j?
9
Let z be 0 - (-1 + 0 - 0). Suppose -2*y = -4*y + 4. Calculate the remainder when (6/(-4))/(z/(-2)) is divided by y.
1
Calculate the remainder when 51 is divided by 640/24 + 2/6.
24
Let q(o) = -2*o - 4*o + 4*o. Let i = 21 - 29. What is the remainder when 47 is divided by q(i)?
15
Let l(r) = 22*r - 8. Let k be l(6). Suppose 3*y + y = k. Calculate the remainder when y is divided by 16.
15
Suppose -t - 2*s + 2 = -3, -3*t + 17 = 4*s. Let g = t + -6. Calculate the remainder when g is divided by -1 + -1 + 2 + 1.
0
Let y(g) = 2*g - 1. Let h = -16 - -23. Let m = 11 - h. What is the remainder when 12 is divided by y(m)?
5
Suppose -2*b = 4*g - 16 - 6, 20 = 5*g. Suppose -26 - 16 = -b*h. What is the remainder when 41 is divided by h?
13
Let m = 51 - 22. Let p = m - 0. Calculate the remainder when p is divided by 16.
13
Suppose -70 = -3*n + 2*j, 0 = n + 3*n + j - 97. Suppose 4*i + n = -4*r + i, 4*r - 4*i + 52 = 0. Calculate the remainder when 34 is divided by -3*(-5)/((-15)/r).
7
Let i = -94 + 131. Calculate the remainder when 180 is divided by i.
32
Let q = -84 - -202. Calculate the remainder when q is divided by 30.
28
Let x(y) = 6*y + 6. Let a be x(-3). What is the remainder when 45 is divided by (-8)/a*-3 + 18?
13
Suppose 0 = 4*m + 5*n + 34, -n - n - 34 = 5*m. Let b(q) = 3*q + 6 - 6*q**2 - q**3 + q - 5*q. Calculate the remainder when 23 is divided by b(m).
11
Suppose -2*s - 3*s = -20. Suppose -s*z = -z - 78. What is the remainder when z is divided by 7?
5
Suppose -4*m + 5 = -3*k, -2*k + 14 = 3*m - 11. Suppose -w = -5, k*w = -2*v - v + 253. Calculate the remainder when v is divided by 26.
24
Let n(b) be the third derivative of b**5/60 + b**4/6 - b**3/2 - b**2. Calculate the remainder when 4 is divided by n(-5).
0
Let m(s) = -3*s + 9. What is the remainder when m(-5) is divided by 14?
10
What is the remainder when 41 is divided by 435/20 - (-6)/(-8)?
20
Suppose -4*q + 7*q + 21 = 0. Let o be (-612)/(-14) +